{"id":2222,"date":"2023-03-17T09:57:55","date_gmt":"2023-03-17T08:57:08","guid":{"rendered":"https:\/\/www.abeln-auto.de\/hyundai\/?page_id=2222"},"modified":"2024-09-26T13:37:59","modified_gmt":"2024-09-26T11:37:59","slug":"bis-zu-350-euro-co2-praemie-pro-jahr","status":"publish","type":"page","link":"https:\/\/www.abeln-auto.de\/hyundai\/bis-zu-350-euro-co2-praemie-pro-jahr\/","title":{"rendered":"Bis zu 350 Euro CO2-Pr\u00e4mie pro Jahr"},"content":{"rendered":"\t\t<div data-elementor-type=\"wp-page\" data-elementor-id=\"2222\" class=\"elementor elementor-2222\" data-elementor-post-type=\"page\">\n\t\t\t\t\t\t<section class=\"elementor-section elementor-top-section elementor-element elementor-element-25f090e4 intro-banner elementor-section-boxed elementor-section-height-default elementor-section-height-default elementor-invisible\" data-id=\"25f090e4\" data-element_type=\"section\" data-e-type=\"section\" data-settings=\"{&quot;animation&quot;:&quot;fadeIn&quot;,&quot;background_background&quot;:&quot;classic&quot;}\">\n\t\t\t\t\t\t<div class=\"elementor-container elementor-column-gap-no\">\n\t\t\t\t\t<div class=\"elementor-column elementor-col-100 elementor-top-column elementor-element elementor-element-5608d8ae\" data-id=\"5608d8ae\" data-element_type=\"column\" data-e-type=\"column\">\n\t\t\t<div class=\"elementor-widget-wrap elementor-element-populated\">\n\t\t\t\t\t\t<div class=\"elementor-element elementor-element-6a03d8b7 elementor-widget elementor-widget-parallax-editing-example\" data-id=\"6a03d8b7\" data-element_type=\"widget\" data-e-type=\"widget\" data-widget_type=\"parallax-editing-example.default\">\n\t\t\t\t<div class=\"elementor-widget-container\">\n\t\t\t\t\t\t\t<!---->\r\n\t\t<!--<div >Description<\/div>-->\r\n\t\t<!--<div ><p>Content<\/p><\/div>-->\r\n\t\t<!--<div>Array\n(\n    [url] => https:\/\/www.abeln-auto.de\/hyundai\/wp-content\/uploads\/2023\/03\/20220928-280-Nippon-THG.jpg\n    [id] => 2224\n    [size] => \n)\n<\/div>-->\r\n\t\t<div class=\"parallax-mb\"\r\n\t\t     style=\"height:367px;\">\r\n\t\t\t<img\r\n\t\t\t\tsrc=\"https:\/\/www.abeln-auto.de\/hyundai\/wp-content\/uploads\/2023\/03\/20220928-280-Nippon-THG.jpg\" alt=\"Bild\"\r\n\t\t\t\tstyle=\"top:-30%;\">\r\n\r\n\t\t\t<div class=\"container parallax-caption-container\">\r\n\t\t\t\t\t\t\t\t\t<h2 >Die THG-Quote<\/h2>\r\n\t\t\t\t\t\t\t<\/div>\r\n\t\t<\/div>\r\n\t\t\t\t\t\t<\/div>\n\t\t\t\t<\/div>\n\t\t\t\t<div class=\"elementor-element elementor-element-71e91dbf elementor-widget elementor-widget-heading\" data-id=\"71e91dbf\" data-element_type=\"widget\" data-e-type=\"widget\" data-widget_type=\"heading.default\">\n\t\t\t\t<div class=\"elementor-widget-container\">\n\t\t\t\t\t<h4 class=\"elementor-heading-title elementor-size-xl\">Beim Autofahren Geld verdienen \u2013<br>Jetzt bis zu 350 \u20ac pro Jahr erhalten!<\/h4>\t\t\t\t<\/div>\n\t\t\t\t<\/div>\n\t\t\t\t\t<\/div>\n\t\t<\/div>\n\t\t\t\t\t<\/div>\n\t\t<\/section>\n\t\t\t\t<section class=\"elementor-section elementor-top-section elementor-element elementor-element-50287410 elementor-section-boxed elementor-section-height-default elementor-section-height-default elementor-invisible\" data-id=\"50287410\" data-element_type=\"section\" data-e-type=\"section\" data-settings=\"{&quot;animation&quot;:&quot;fadeIn&quot;}\">\n\t\t\t\t\t\t<div class=\"elementor-container elementor-column-gap-default\">\n\t\t\t\t\t<div class=\"elementor-column elementor-col-100 elementor-top-column elementor-element elementor-element-45533200\" data-id=\"45533200\" data-element_type=\"column\" data-e-type=\"column\">\n\t\t\t<div class=\"elementor-widget-wrap elementor-element-populated\">\n\t\t\t\t\t\t<div class=\"elementor-element elementor-element-23c56378 elementor-widget elementor-widget-text-editor\" data-id=\"23c56378\" data-element_type=\"widget\" data-e-type=\"widget\" data-widget_type=\"text-editor.default\">\n\t\t\t\t<div class=\"elementor-widget-container\">\n\t\t\t\t\t\t\t\t\t<p>Mit der Entscheidung f\u00fcr ein Elektrofahrzeug haben Sie sich f\u00fcr den Schutz des Klimas entschieden. Daf\u00fcr werden Sie vom Gesetzgeber belohnt, denn er hat die sogenannte Treibhausgasminderungsquote (THG-Quote) eingef\u00fchrt \u2013 die Ihnen bares Geld bringt!<\/p><p><strong>Warum?<\/strong><br \/>Mineral\u00f6lkonzerne und andere Unternehmen, die viel CO<sub>2\u00a0<\/sub>freisetzen, sind verpflichtet, Treibhausgas zu reduzieren. Weil sie das nicht aus eigener Kraft schaffen, k\u00f6nnen sie andernorts gespartes CO<sub>2<\/sub>\u00a0an einer Art CO<sub>2<\/sub>-B\u00f6rse erwerben.<\/p><p><strong>Hier kommen Sie ins Spiel!<\/strong><br \/>Mit Ihrem Elektrofahrzeug tragen Sie zur CO<sub>2<\/sub>-Reduktion bei. Wenn Sie diese Ersparnis vermarkten, profitieren Sie direkt von der CO<sub>2<\/sub>-Pr\u00e4mie!<\/p>\t\t\t\t\t\t\t\t<\/div>\n\t\t\t\t<\/div>\n\t\t\t\t<div class=\"elementor-element elementor-element-4c3306a6 elementor-widget elementor-widget-button\" data-id=\"4c3306a6\" data-element_type=\"widget\" data-e-type=\"widget\" data-widget_type=\"button.default\">\n\t\t\t\t<div class=\"elementor-widget-container\">\n\t\t\t\t\t\t\t\t\t<div class=\"elementor-button-wrapper\">\n\t\t\t\t\t<a class=\"elementor-button elementor-button-link elementor-size-sm\" href=\"https:\/\/geld-fuer-eauto.de\/ref\/LZJOHXUA\" target=\"_blank\">\n\t\t\t\t\t\t<span class=\"elementor-button-content-wrapper\">\n\t\t\t\t\t\t<span class=\"elementor-button-icon\">\n\t\t\t\t<i aria-hidden=\"true\" class=\"fas fa-angle-right\"><\/i>\t\t\t<\/span>\n\t\t\t\t\t\t\t\t\t<span class=\"elementor-button-text\">Sichern Sie sich jetzt bis zu 350 \u20ac pro Jahr<\/span>\n\t\t\t\t\t<\/span>\n\t\t\t\t\t<\/a>\n\t\t\t\t<\/div>\n\t\t\t\t\t\t\t\t<\/div>\n\t\t\t\t<\/div>\n\t\t\t\t\t<\/div>\n\t\t<\/div>\n\t\t\t\t\t<\/div>\n\t\t<\/section>\n\t\t\t\t<section class=\"elementor-section elementor-top-section elementor-element elementor-element-5ee711b5 elementor-section-boxed elementor-section-height-default elementor-section-height-default\" data-id=\"5ee711b5\" data-element_type=\"section\" data-e-type=\"section\">\n\t\t\t\t\t\t<div class=\"elementor-container elementor-column-gap-default\">\n\t\t\t\t\t<div class=\"elementor-column elementor-col-50 elementor-top-column elementor-element elementor-element-33eddcaf\" data-id=\"33eddcaf\" data-element_type=\"column\" data-e-type=\"column\" data-settings=\"{&quot;background_background&quot;:&quot;classic&quot;}\">\n\t\t\t<div class=\"elementor-widget-wrap elementor-element-populated\">\n\t\t\t\t\t\t<div class=\"elementor-element elementor-element-5b2ec055 elementor-widget elementor-widget-heading\" data-id=\"5b2ec055\" data-element_type=\"widget\" data-e-type=\"widget\" data-widget_type=\"heading.default\">\n\t\t\t\t<div class=\"elementor-widget-container\">\n\t\t\t\t\t<h4 class=\"elementor-heading-title elementor-size-default\">So geht's:<\/h4>\t\t\t\t<\/div>\n\t\t\t\t<\/div>\n\t\t\t\t<div class=\"elementor-element elementor-element-64756048 elementor-icon-list--layout-traditional elementor-list-item-link-full_width elementor-widget elementor-widget-icon-list\" data-id=\"64756048\" data-element_type=\"widget\" data-e-type=\"widget\" data-widget_type=\"icon-list.default\">\n\t\t\t\t<div class=\"elementor-widget-container\">\n\t\t\t\t\t\t\t<ul class=\"elementor-icon-list-items\">\n\t\t\t\t\t\t\t<li class=\"elementor-icon-list-item\">\n\t\t\t\t\t\t\t\t\t\t\t<span class=\"elementor-icon-list-icon\">\n\t\t\t\t\t\t\t<i aria-hidden=\"true\" class=\"fas fa-angle-right\"><\/i>\t\t\t\t\t\t<\/span>\n\t\t\t\t\t\t\t\t\t\t<span class=\"elementor-icon-list-text\">Registrieren Sie Ihr Elektrofahrzeug einfach bei unserem Partner.<\/span>\n\t\t\t\t\t\t\t\t\t<\/li>\n\t\t\t\t\t\t\t\t<li class=\"elementor-icon-list-item\">\n\t\t\t\t\t\t\t\t\t\t\t<span class=\"elementor-icon-list-icon\">\n\t\t\t\t\t\t\t<i aria-hidden=\"true\" class=\"fas fa-angle-right\"><\/i>\t\t\t\t\t\t<\/span>\n\t\t\t\t\t\t\t\t\t\t<span class=\"elementor-icon-list-text\">Dabei ist nur wichtig, dass es sich um ein reines Elektrofahrzeug handelt. Hybridfahrzeuge sind leider nicht zugelassen.<\/span>\n\t\t\t\t\t\t\t\t\t<\/li>\n\t\t\t\t\t\t\t\t<li class=\"elementor-icon-list-item\">\n\t\t\t\t\t\t\t\t\t\t\t<span class=\"elementor-icon-list-icon\">\n\t\t\t\t\t\t\t<i aria-hidden=\"true\" class=\"fas fa-angle-right\"><\/i>\t\t\t\t\t\t<\/span>\n\t\t\t\t\t\t\t\t\t\t<span class=\"elementor-icon-list-text\">Ob Leasing, Finanzierung oder Kauf ist hingegen nicht entscheidend.<\/span>\n\t\t\t\t\t\t\t\t\t<\/li>\n\t\t\t\t\t\t\t\t<li class=\"elementor-icon-list-item\">\n\t\t\t\t\t\t\t\t\t\t\t<span class=\"elementor-icon-list-icon\">\n\t\t\t\t\t\t\t<i aria-hidden=\"true\" class=\"fas fa-angle-right\"><\/i>\t\t\t\t\t\t<\/span>\n\t\t\t\t\t\t\t\t\t\t<span class=\"elementor-icon-list-text\">Auch Dienstfahrzeuge k\u00f6nnen f\u00fcr den CO2-Bonus registriert werden.<\/span>\n\t\t\t\t\t\t\t\t\t<\/li>\n\t\t\t\t\t\t\t\t<li class=\"elementor-icon-list-item\">\n\t\t\t\t\t\t\t\t\t\t\t<span class=\"elementor-icon-list-icon\">\n\t\t\t\t\t\t\t<i aria-hidden=\"true\" class=\"fas fa-angle-right\"><\/i>\t\t\t\t\t\t<\/span>\n\t\t\t\t\t\t\t\t\t\t<span class=\"elementor-icon-list-text\">F\u00fcr Privatfahrzeuge ist die CO2-Pr\u00e4mie \u00fcbrigens komplett steuerfrei!<\/span>\n\t\t\t\t\t\t\t\t\t<\/li>\n\t\t\t\t\t\t<\/ul>\n\t\t\t\t\t\t<\/div>\n\t\t\t\t<\/div>\n\t\t\t\t<div class=\"elementor-element elementor-element-1dfbaf20 elementor-widget elementor-widget-button\" data-id=\"1dfbaf20\" data-element_type=\"widget\" data-e-type=\"widget\" data-widget_type=\"button.default\">\n\t\t\t\t<div class=\"elementor-widget-container\">\n\t\t\t\t\t\t\t\t\t<div class=\"elementor-button-wrapper\">\n\t\t\t\t\t<a class=\"elementor-button elementor-button-link elementor-size-sm\" href=\"https:\/\/geld-fuer-eauto.de\/ref\/LZJOHXUA\" target=\"_blank\">\n\t\t\t\t\t\t<span class=\"elementor-button-content-wrapper\">\n\t\t\t\t\t\t<span class=\"elementor-button-icon\">\n\t\t\t\t<i aria-hidden=\"true\" class=\"fas fa-angle-right\"><\/i>\t\t\t<\/span>\n\t\t\t\t\t\t\t\t\t<span class=\"elementor-button-text\">Holen Sie sich jetzt Ihre CO2-Pr\u00e4mie<\/span>\n\t\t\t\t\t<\/span>\n\t\t\t\t\t<\/a>\n\t\t\t\t<\/div>\n\t\t\t\t\t\t\t\t<\/div>\n\t\t\t\t<\/div>\n\t\t\t\t\t<\/div>\n\t\t<\/div>\n\t\t\t\t<div class=\"elementor-column elementor-col-50 elementor-top-column elementor-element elementor-element-52179f3f\" data-id=\"52179f3f\" data-element_type=\"column\" data-e-type=\"column\" data-settings=\"{&quot;background_background&quot;:&quot;classic&quot;}\">\n\t\t\t<div class=\"elementor-widget-wrap elementor-element-populated\">\n\t\t\t\t\t\t<div class=\"elementor-element elementor-element-291be445 elementor-widget elementor-widget-heading\" data-id=\"291be445\" data-element_type=\"widget\" data-e-type=\"widget\" data-widget_type=\"heading.default\">\n\t\t\t\t<div class=\"elementor-widget-container\">\n\t\t\t\t\t<h4 class=\"elementor-heading-title elementor-size-default\">Wer bekommt die&nbsp;THG-Quote?<\/h4>\t\t\t\t<\/div>\n\t\t\t\t<\/div>\n\t\t\t\t<div class=\"elementor-element elementor-element-51afc27b elementor-widget elementor-widget-text-editor\" data-id=\"51afc27b\" data-element_type=\"widget\" data-e-type=\"widget\" data-widget_type=\"text-editor.default\">\n\t\t\t\t<div class=\"elementor-widget-container\">\n\t\t\t\t\t\t\t\t\t<p>Die THG-Quote kann von jedem Halter eines Elektrofahrzeugs beantragt werden, unabh\u00e4ngig davon, ob das Fahrzeug privat oder gewerblich genutzt wird. Weiterhin ist es f\u00fcr die THG-Pr\u00e4mie irrelevant, ob Sie das Fahrzeug gekauft, geleast oder finanziert haben. Wichtig ist nur, dass Sie als Halter des Fahrzeugs in der Zulassungsbescheinigung eingetragen sind. Die THG-Pr\u00e4mie ist dabei vollkommen unabh\u00e4ngig von bestehenden F\u00f6rderungen, wie beispielsweise dem Umweltbonus.<\/p><p>Die E-Autof\u00f6rderung kann jedoch nur f\u00fcr Elektrofahrzeuge und nicht f\u00fcr Hybridfahrzeuge beantragt werden. Sollten Sie sich unsicher sein, welche Art von Fahrzeug Sie besitzen, so k\u00f6nnen Sie das einfach in der Zulassungsbescheinigung nachpr\u00fcfen. Sie erhalten nur Geld f\u00fcr Ihr E-Auto, wenn in der Zulassungsbescheinigung Teil I, im Bereich P3 das Wort \u201cElektro\u201d steht und im Bereich 10 die Zahlen \u201c0004\u201d. Diese Felder geben \u00fcbrigens die Art des Kraftstoffs an.<\/p>\t\t\t\t\t\t\t\t<\/div>\n\t\t\t\t<\/div>\n\t\t\t\t\t<\/div>\n\t\t<\/div>\n\t\t\t\t\t<\/div>\n\t\t<\/section>\n\t\t\t\t<section class=\"elementor-section elementor-top-section elementor-element elementor-element-4a2f7652 elementor-section-boxed elementor-section-height-default elementor-section-height-default elementor-invisible\" data-id=\"4a2f7652\" data-element_type=\"section\" data-e-type=\"section\" data-settings=\"{&quot;animation&quot;:&quot;fadeIn&quot;}\">\n\t\t\t\t\t\t<div class=\"elementor-container elementor-column-gap-default\">\n\t\t\t\t\t<div class=\"elementor-column elementor-col-100 elementor-top-column elementor-element elementor-element-11f0a78d\" data-id=\"11f0a78d\" data-element_type=\"column\" data-e-type=\"column\">\n\t\t\t<div class=\"elementor-widget-wrap elementor-element-populated\">\n\t\t\t\t\t\t<div class=\"elementor-element elementor-element-eb35eee elementor-widget-divider--view-line elementor-widget elementor-widget-divider\" data-id=\"eb35eee\" data-element_type=\"widget\" data-e-type=\"widget\" data-widget_type=\"divider.default\">\n\t\t\t\t<div class=\"elementor-widget-container\">\n\t\t\t\t\t\t\t<div class=\"elementor-divider\">\n\t\t\t<span class=\"elementor-divider-separator\">\n\t\t\t\t\t\t<\/span>\n\t\t<\/div>\n\t\t\t\t\t\t<\/div>\n\t\t\t\t<\/div>\n\t\t\t\t<div class=\"elementor-element elementor-element-52d47d7e elementor-align-center elementor-widget elementor-widget-button\" data-id=\"52d47d7e\" data-element_type=\"widget\" data-e-type=\"widget\" data-widget_type=\"button.default\">\n\t\t\t\t<div class=\"elementor-widget-container\">\n\t\t\t\t\t\t\t\t\t<div class=\"elementor-button-wrapper\">\n\t\t\t\t\t<a class=\"elementor-button elementor-button-link elementor-size-sm\" href=\"https:\/\/geld-fuer-eauto.de\/ref\/LZJOHXUA\" target=\"_blank\">\n\t\t\t\t\t\t<span class=\"elementor-button-content-wrapper\">\n\t\t\t\t\t\t<span class=\"elementor-button-icon\">\n\t\t\t\t<i aria-hidden=\"true\" class=\"fas fa-angle-right\"><\/i>\t\t\t<\/span>\n\t\t\t\t\t\t\t\t\t<span class=\"elementor-button-text\">Beim Autofahren Geld verdienen<\/span>\n\t\t\t\t\t<\/span>\n\t\t\t\t\t<\/a>\n\t\t\t\t<\/div>\n\t\t\t\t\t\t\t\t<\/div>\n\t\t\t\t<\/div>\n\t\t\t\t\t<\/div>\n\t\t<\/div>\n\t\t\t\t\t<\/div>\n\t\t<\/section>\n\t\t\t\t<\/div>\n\t\t","protected":false},"excerpt":{"rendered":"<p>Die THG-Quote Beim Autofahren Geld verdienen \u2013Jetzt bis zu 350 \u20ac pro Jahr erhalten! Mit der Entscheidung f\u00fcr ein Elektrofahrzeug haben Sie sich f\u00fcr den Schutz des Klimas entschieden. Daf\u00fcr werden Sie vom Gesetzgeber belohnt, denn er hat die sogenannte Treibhausgasminderungsquote (THG-Quote) eingef\u00fchrt \u2013 die Ihnen bares Geld bringt! Warum?Mineral\u00f6lkonzerne und andere Unternehmen, die viel [&hellip;]<\/p>\n","protected":false},"author":1,"featured_media":0,"parent":0,"menu_order":0,"comment_status":"closed","ping_status":"closed","template":"elementor_header_footer","meta":{"_acf_changed":false,"footnotes":""},"class_list":["post-2222","page","type-page","status-publish","hentry"],"acf":[],"yoast_head":"<!-- This site is optimized with the Yoast SEO plugin v27.6 - https:\/\/yoast.com\/product\/yoast-seo-wordpress\/ -->\n<title>Bis zu 350 Euro CO2-Pr\u00e4mie pro Jahr &#8212; Hyundai Abeln<\/title>\n<meta name=\"robots\" content=\"index, follow, max-snippet:-1, max-image-preview:large, max-video-preview:-1\" \/>\n<link rel=\"canonical\" href=\"https:\/\/www.abeln-auto.de\/hyundai\/bis-zu-350-euro-co2-praemie-pro-jahr\/\" \/>\n<meta property=\"og:locale\" content=\"de_DE\" \/>\n<meta property=\"og:type\" content=\"article\" \/>\n<meta property=\"og:title\" content=\"Bis zu 350 Euro CO2-Pr\u00e4mie pro Jahr &#8212; Hyundai Abeln\" \/>\n<meta property=\"og:description\" content=\"Die THG-Quote Beim Autofahren Geld verdienen \u2013Jetzt bis zu 350 \u20ac pro Jahr erhalten! Mit der Entscheidung f\u00fcr ein Elektrofahrzeug haben Sie sich f\u00fcr den Schutz des Klimas entschieden. Daf\u00fcr werden Sie vom Gesetzgeber belohnt, denn er hat die sogenannte Treibhausgasminderungsquote (THG-Quote) eingef\u00fchrt \u2013 die Ihnen bares Geld bringt! Warum?Mineral\u00f6lkonzerne und andere Unternehmen, die viel [&hellip;]\" \/>\n<meta property=\"og:url\" content=\"https:\/\/www.abeln-auto.de\/hyundai\/bis-zu-350-euro-co2-praemie-pro-jahr\/\" \/>\n<meta property=\"og:site_name\" content=\"Hyundai Abeln\" \/>\n<meta property=\"article:publisher\" content=\"https:\/\/www.facebook.com\/pages\/category\/Car-Dealership\/Autohaus-Abeln-Papenburg-418273738682087\/\" \/>\n<meta property=\"article:modified_time\" content=\"2024-09-26T11:37:59+00:00\" \/>\n<meta name=\"twitter:card\" content=\"summary_large_image\" \/>\n<meta name=\"twitter:label1\" content=\"Gesch\u00e4tzte Lesezeit\" \/>\n\t<meta name=\"twitter:data1\" content=\"2\u00a0Minuten\" \/>\n<script type=\"application\/ld+json\" class=\"yoast-schema-graph\">{\"@context\":\"https:\\\/\\\/schema.org\",\"@graph\":[{\"@type\":\"WebPage\",\"@id\":\"https:\\\/\\\/www.abeln-auto.de\\\/hyundai\\\/bis-zu-350-euro-co2-praemie-pro-jahr\\\/\",\"url\":\"https:\\\/\\\/www.abeln-auto.de\\\/hyundai\\\/bis-zu-350-euro-co2-praemie-pro-jahr\\\/\",\"name\":\"Bis zu 350 Euro CO2-Pr\u00e4mie pro Jahr &#8212; Hyundai Abeln\",\"isPartOf\":{\"@id\":\"https:\\\/\\\/www.abeln-auto.de\\\/hyundai\\\/#website\"},\"datePublished\":\"2023-03-17T08:57:08+00:00\",\"dateModified\":\"2024-09-26T11:37:59+00:00\",\"breadcrumb\":{\"@id\":\"https:\\\/\\\/www.abeln-auto.de\\\/hyundai\\\/bis-zu-350-euro-co2-praemie-pro-jahr\\\/#breadcrumb\"},\"inLanguage\":\"de\",\"potentialAction\":[{\"@type\":\"ReadAction\",\"target\":[\"https:\\\/\\\/www.abeln-auto.de\\\/hyundai\\\/bis-zu-350-euro-co2-praemie-pro-jahr\\\/\"]}]},{\"@type\":\"BreadcrumbList\",\"@id\":\"https:\\\/\\\/www.abeln-auto.de\\\/hyundai\\\/bis-zu-350-euro-co2-praemie-pro-jahr\\\/#breadcrumb\",\"itemListElement\":[{\"@type\":\"ListItem\",\"position\":1,\"name\":\"Startseite\",\"item\":\"https:\\\/\\\/www.abeln-auto.de\\\/hyundai\\\/\"},{\"@type\":\"ListItem\",\"position\":2,\"name\":\"Bis zu 350 Euro CO2-Pr\u00e4mie pro Jahr\"}]},{\"@type\":\"WebSite\",\"@id\":\"https:\\\/\\\/www.abeln-auto.de\\\/hyundai\\\/#website\",\"url\":\"https:\\\/\\\/www.abeln-auto.de\\\/hyundai\\\/\",\"name\":\"Hyundai Autohaus Abeln GmbH\",\"description\":\"Das Hyundai Autohaus in Papenburg\",\"publisher\":{\"@id\":\"https:\\\/\\\/www.abeln-auto.de\\\/hyundai\\\/#organization\"},\"alternateName\":\"Hyundai Abeln\",\"potentialAction\":[{\"@type\":\"SearchAction\",\"target\":{\"@type\":\"EntryPoint\",\"urlTemplate\":\"https:\\\/\\\/www.abeln-auto.de\\\/hyundai\\\/?s={search_term_string}\"},\"query-input\":{\"@type\":\"PropertyValueSpecification\",\"valueRequired\":true,\"valueName\":\"search_term_string\"}}],\"inLanguage\":\"de\"},{\"@type\":\"Organization\",\"@id\":\"https:\\\/\\\/www.abeln-auto.de\\\/hyundai\\\/#organization\",\"name\":\"Hyundai Autohaus Abeln GmbH\",\"url\":\"https:\\\/\\\/www.abeln-auto.de\\\/hyundai\\\/\",\"logo\":{\"@type\":\"ImageObject\",\"inLanguage\":\"de\",\"@id\":\"https:\\\/\\\/www.abeln-auto.de\\\/hyundai\\\/#\\\/schema\\\/logo\\\/image\\\/\",\"url\":\"\",\"contentUrl\":\"\",\"caption\":\"Hyundai Autohaus Abeln GmbH\"},\"image\":{\"@id\":\"https:\\\/\\\/www.abeln-auto.de\\\/hyundai\\\/#\\\/schema\\\/logo\\\/image\\\/\"},\"sameAs\":[\"https:\\\/\\\/www.facebook.com\\\/pages\\\/category\\\/Car-Dealership\\\/Autohaus-Abeln-Papenburg-418273738682087\\\/\"]}]}<\/script>\n<!-- \/ Yoast SEO plugin. -->","yoast_head_json":{"title":"Bis zu 350 Euro CO2-Pr\u00e4mie pro Jahr &#8212; Hyundai Abeln","robots":{"index":"index","follow":"follow","max-snippet":"max-snippet:-1","max-image-preview":"max-image-preview:large","max-video-preview":"max-video-preview:-1"},"canonical":"https:\/\/www.abeln-auto.de\/hyundai\/bis-zu-350-euro-co2-praemie-pro-jahr\/","og_locale":"de_DE","og_type":"article","og_title":"Bis zu 350 Euro CO2-Pr\u00e4mie pro Jahr &#8212; Hyundai Abeln","og_description":"Die THG-Quote Beim Autofahren Geld verdienen \u2013Jetzt bis zu 350 \u20ac pro Jahr erhalten! Mit der Entscheidung f\u00fcr ein Elektrofahrzeug haben Sie sich f\u00fcr den Schutz des Klimas entschieden. Daf\u00fcr werden Sie vom Gesetzgeber belohnt, denn er hat die sogenannte Treibhausgasminderungsquote (THG-Quote) eingef\u00fchrt \u2013 die Ihnen bares Geld bringt! Warum?Mineral\u00f6lkonzerne und andere Unternehmen, die viel [&hellip;]","og_url":"https:\/\/www.abeln-auto.de\/hyundai\/bis-zu-350-euro-co2-praemie-pro-jahr\/","og_site_name":"Hyundai Abeln","article_publisher":"https:\/\/www.facebook.com\/pages\/category\/Car-Dealership\/Autohaus-Abeln-Papenburg-418273738682087\/","article_modified_time":"2024-09-26T11:37:59+00:00","twitter_card":"summary_large_image","twitter_misc":{"Gesch\u00e4tzte Lesezeit":"2\u00a0Minuten"},"schema":{"@context":"https:\/\/schema.org","@graph":[{"@type":"WebPage","@id":"https:\/\/www.abeln-auto.de\/hyundai\/bis-zu-350-euro-co2-praemie-pro-jahr\/","url":"https:\/\/www.abeln-auto.de\/hyundai\/bis-zu-350-euro-co2-praemie-pro-jahr\/","name":"Bis zu 350 Euro CO2-Pr\u00e4mie pro Jahr &#8212; Hyundai Abeln","isPartOf":{"@id":"https:\/\/www.abeln-auto.de\/hyundai\/#website"},"datePublished":"2023-03-17T08:57:08+00:00","dateModified":"2024-09-26T11:37:59+00:00","breadcrumb":{"@id":"https:\/\/www.abeln-auto.de\/hyundai\/bis-zu-350-euro-co2-praemie-pro-jahr\/#breadcrumb"},"inLanguage":"de","potentialAction":[{"@type":"ReadAction","target":["https:\/\/www.abeln-auto.de\/hyundai\/bis-zu-350-euro-co2-praemie-pro-jahr\/"]}]},{"@type":"BreadcrumbList","@id":"https:\/\/www.abeln-auto.de\/hyundai\/bis-zu-350-euro-co2-praemie-pro-jahr\/#breadcrumb","itemListElement":[{"@type":"ListItem","position":1,"name":"Startseite","item":"https:\/\/www.abeln-auto.de\/hyundai\/"},{"@type":"ListItem","position":2,"name":"Bis zu 350 Euro CO2-Pr\u00e4mie pro Jahr"}]},{"@type":"WebSite","@id":"https:\/\/www.abeln-auto.de\/hyundai\/#website","url":"https:\/\/www.abeln-auto.de\/hyundai\/","name":"Hyundai Autohaus Abeln GmbH","description":"Das Hyundai Autohaus in Papenburg","publisher":{"@id":"https:\/\/www.abeln-auto.de\/hyundai\/#organization"},"alternateName":"Hyundai Abeln","potentialAction":[{"@type":"SearchAction","target":{"@type":"EntryPoint","urlTemplate":"https:\/\/www.abeln-auto.de\/hyundai\/?s={search_term_string}"},"query-input":{"@type":"PropertyValueSpecification","valueRequired":true,"valueName":"search_term_string"}}],"inLanguage":"de"},{"@type":"Organization","@id":"https:\/\/www.abeln-auto.de\/hyundai\/#organization","name":"Hyundai Autohaus Abeln GmbH","url":"https:\/\/www.abeln-auto.de\/hyundai\/","logo":{"@type":"ImageObject","inLanguage":"de","@id":"https:\/\/www.abeln-auto.de\/hyundai\/#\/schema\/logo\/image\/","url":"","contentUrl":"","caption":"Hyundai Autohaus Abeln GmbH"},"image":{"@id":"https:\/\/www.abeln-auto.de\/hyundai\/#\/schema\/logo\/image\/"},"sameAs":["https:\/\/www.facebook.com\/pages\/category\/Car-Dealership\/Autohaus-Abeln-Papenburg-418273738682087\/"]}]}},"_links":{"self":[{"href":"https:\/\/www.abeln-auto.de\/hyundai\/wp-json\/wp\/v2\/pages\/2222","targetHints":{"allow":["GET"]}}],"collection":[{"href":"https:\/\/www.abeln-auto.de\/hyundai\/wp-json\/wp\/v2\/pages"}],"about":[{"href":"https:\/\/www.abeln-auto.de\/hyundai\/wp-json\/wp\/v2\/types\/page"}],"author":[{"embeddable":true,"href":"https:\/\/www.abeln-auto.de\/hyundai\/wp-json\/wp\/v2\/users\/1"}],"replies":[{"embeddable":true,"href":"https:\/\/www.abeln-auto.de\/hyundai\/wp-json\/wp\/v2\/comments?post=2222"}],"version-history":[{"count":14,"href":"https:\/\/www.abeln-auto.de\/hyundai\/wp-json\/wp\/v2\/pages\/2222\/revisions"}],"predecessor-version":[{"id":2465,"href":"https:\/\/www.abeln-auto.de\/hyundai\/wp-json\/wp\/v2\/pages\/2222\/revisions\/2465"}],"wp:attachment":[{"href":"https:\/\/www.abeln-auto.de\/hyundai\/wp-json\/wp\/v2\/media?parent=2222"}],"curies":[{"name":"wp","href":"https:\/\/api.w.org\/{rel}","templated":true}]}}