{"id":67,"date":"2019-01-14T14:58:59","date_gmt":"2019-01-14T13:58:59","guid":{"rendered":"https:\/\/hyundai-gerdes.de\/?page_id=67"},"modified":"2023-09-18T10:36:33","modified_gmt":"2023-09-18T08:36:33","slug":"probefahrt","status":"publish","type":"page","link":"https:\/\/www.abeln-auto.de\/hyundai\/nachricht-schreiben\/probefahrt\/","title":{"rendered":"Probefahrt vereinbaren"},"content":{"rendered":"\t\t<div data-elementor-type=\"wp-post\" data-elementor-id=\"67\" class=\"elementor elementor-67\" data-elementor-post-type=\"page\">\n\t\t\t\t\t\t<section class=\"elementor-section elementor-top-section elementor-element elementor-element-b33f40f intro-banner elementor-section-boxed elementor-section-height-default elementor-section-height-default elementor-invisible\" data-id=\"b33f40f\" data-element_type=\"section\" data-e-type=\"section\" data-settings=\"{&quot;animation&quot;:&quot;fadeIn&quot;,&quot;background_background&quot;:&quot;classic&quot;}\">\n\t\t\t\t\t\t<div class=\"elementor-container elementor-column-gap-no\">\n\t\t\t\t\t<div class=\"elementor-column elementor-col-100 elementor-top-column elementor-element elementor-element-b37188a\" data-id=\"b37188a\" data-element_type=\"column\" data-e-type=\"column\">\n\t\t\t<div class=\"elementor-widget-wrap elementor-element-populated\">\n\t\t\t\t\t\t<div class=\"elementor-element elementor-element-0dd84a1 elementor-widget elementor-widget-parallax-editing-example\" data-id=\"0dd84a1\" data-element_type=\"widget\" data-e-type=\"widget\" data-widget_type=\"parallax-editing-example.default\">\n\t\t\t\t<div class=\"elementor-widget-container\">\n\t\t\t\t\t\t\t<!---->\r\n\t\t<!--<div >Description<\/div>-->\r\n\t\t<!--<div ><p>Content<\/p><\/div>-->\r\n\t\t<!--<div>Array\n(\n    [url] => https:\/\/www.abeln-auto.de\/hyundai\/wp-content\/uploads\/2022\/03\/202203-hyundai-IONIQ_5_MY22_3_4_Front_Driving.jpg\n    [id] => 2169\n    [size] => \n    [alt] => HYUNDAI IONIQ 5\n    [source] => library\n)\n<\/div>-->\r\n\t\t<div class=\"parallax-mb\"\r\n\t\t     style=\"height:367px;\">\r\n\t\t\t<img\r\n\t\t\t\tsrc=\"https:\/\/www.abeln-auto.de\/hyundai\/wp-content\/uploads\/2022\/03\/202203-hyundai-IONIQ_5_MY22_3_4_Front_Driving.jpg\" alt=\"Bild\"\r\n\t\t\t\tstyle=\"top:-30%;\">\r\n\r\n\t\t\t<div class=\"container parallax-caption-container\">\r\n\t\t\t\t\t\t\t\t\t<h2 >Jetzt probefahren<\/h2>\r\n\t\t\t\t\t\t\t<\/div>\r\n\t\t<\/div>\r\n\t\t\t\t\t\t<\/div>\n\t\t\t\t<\/div>\n\t\t\t\t<div class=\"elementor-element elementor-element-78fb947f elementor-widget elementor-widget-heading\" data-id=\"78fb947f\" data-element_type=\"widget\" data-e-type=\"widget\" data-widget_type=\"heading.default\">\n\t\t\t\t<div class=\"elementor-widget-container\">\n\t\t\t\t\t<h4 class=\"elementor-heading-title elementor-size-xl\">Autohaus Abeln: Probefahrt vereinbaren!<\/h4>\t\t\t\t<\/div>\n\t\t\t\t<\/div>\n\t\t\t\t\t<\/div>\n\t\t<\/div>\n\t\t\t\t\t<\/div>\n\t\t<\/section>\n\t\t\t\t<section class=\"elementor-section elementor-top-section elementor-element elementor-element-57349d09 elementor-section-boxed elementor-section-height-default elementor-section-height-default elementor-invisible\" data-id=\"57349d09\" data-element_type=\"section\" data-e-type=\"section\" data-settings=\"{&quot;animation&quot;:&quot;fadeIn&quot;}\">\n\t\t\t\t\t\t<div class=\"elementor-container elementor-column-gap-default\">\n\t\t\t\t\t<div class=\"elementor-column elementor-col-100 elementor-top-column elementor-element elementor-element-568ee24a\" data-id=\"568ee24a\" data-element_type=\"column\" data-e-type=\"column\">\n\t\t\t<div class=\"elementor-widget-wrap elementor-element-populated\">\n\t\t\t\t\t\t<div class=\"elementor-element elementor-element-1b449cf5 elementor-widget elementor-widget-text-editor\" data-id=\"1b449cf5\" data-element_type=\"widget\" data-e-type=\"widget\" data-widget_type=\"text-editor.default\">\n\t\t\t\t<div class=\"elementor-widget-container\">\n\t\t\t\t\t\t\t\t\t<p>Sie interessieren sich f\u00fcr einen neuen oder gebrauchten Hyundai? Dann nehmen Sie Kontakt zu Ihrem Hyundai Autohaus Abeln in Papenburg auf. Nichts \u00fcberzeugt vor einem anstehenden Autokauf mehr als das individuelle, ganz besondere Fahrgef\u00fchl des neuen Autos selbst ausprobiert zu haben.<\/p>\n<p>Vereinbaren Sie kurzfristig eine Probefahrt mit dem Hyundai Modell Ihrer Wahl, um Ihr zuk\u00fcnftiges Auto live zu erfahren!&nbsp;<\/p>\t\t\t\t\t\t\t\t<\/div>\n\t\t\t\t<\/div>\n\t\t\t\t\t<\/div>\n\t\t<\/div>\n\t\t\t\t\t<\/div>\n\t\t<\/section>\n\t\t\t\t<section class=\"elementor-section elementor-top-section elementor-element elementor-element-52a6f698 elementor-section-boxed elementor-section-height-default elementor-section-height-default elementor-invisible\" data-id=\"52a6f698\" data-element_type=\"section\" data-e-type=\"section\" data-settings=\"{&quot;animation&quot;:&quot;fadeIn&quot;}\">\n\t\t\t\t\t\t<div class=\"elementor-container elementor-column-gap-default\">\n\t\t\t\t\t<div class=\"elementor-column elementor-col-100 elementor-top-column elementor-element elementor-element-20e7090\" data-id=\"20e7090\" data-element_type=\"column\" data-e-type=\"column\">\n\t\t\t<div class=\"elementor-widget-wrap elementor-element-populated\">\n\t\t\t\t\t\t<div class=\"elementor-element elementor-element-0802b9b elementor-widget-divider--view-line elementor-widget elementor-widget-global elementor-global-1399 elementor-widget-divider\" data-id=\"0802b9b\" data-element_type=\"widget\" data-e-type=\"widget\" data-widget_type=\"divider.default\">\n\t\t\t\t<div class=\"elementor-widget-container\">\n\t\t\t\t\t\t\t<div class=\"elementor-divider\">\n\t\t\t<span class=\"elementor-divider-separator\">\n\t\t\t\t\t\t<\/span>\n\t\t<\/div>\n\t\t\t\t\t\t<\/div>\n\t\t\t\t<\/div>\n\t\t\t\t\t<\/div>\n\t\t<\/div>\n\t\t\t\t\t<\/div>\n\t\t<\/section>\n\t\t\t\t<section class=\"elementor-section elementor-top-section elementor-element elementor-element-81c35d2 elementor-section-boxed elementor-section-height-default elementor-section-height-default elementor-invisible\" data-id=\"81c35d2\" data-element_type=\"section\" data-e-type=\"section\" data-settings=\"{&quot;animation&quot;:&quot;fadeIn&quot;}\">\n\t\t\t\t\t\t<div class=\"elementor-container elementor-column-gap-default\">\n\t\t\t\t\t<div class=\"elementor-column elementor-col-100 elementor-top-column elementor-element elementor-element-fb35826\" data-id=\"fb35826\" data-element_type=\"column\" data-e-type=\"column\" data-settings=\"{&quot;background_background&quot;:&quot;classic&quot;}\">\n\t\t\t<div class=\"elementor-widget-wrap elementor-element-populated\">\n\t\t\t\t\t\t<div class=\"elementor-element elementor-element-f100f3b elementor-widget elementor-widget-heading\" data-id=\"f100f3b\" data-element_type=\"widget\" data-e-type=\"widget\" data-widget_type=\"heading.default\">\n\t\t\t\t<div class=\"elementor-widget-container\">\n\t\t\t\t\t<h4 class=\"elementor-heading-title elementor-size-default\">Wir freuen uns auf Ihre Anfrage zur Probefahrt<\/h4>\t\t\t\t<\/div>\n\t\t\t\t<\/div>\n\t\t\t\t<div class=\"elementor-element elementor-element-f6034ec elementor-widget elementor-widget-text-editor\" data-id=\"f6034ec\" data-element_type=\"widget\" data-e-type=\"widget\" data-widget_type=\"text-editor.default\">\n\t\t\t\t<div class=\"elementor-widget-container\">\n\t\t\t\t\t\t\t\t\t<p>F\u00fcllen Sie einfach nachstehendes Formular aus. Bitte beachten Sie, dass mit einem * Sternchen markierte Felder Pflichtangaben darstellen und bitte nehmen Sie unsere Datenschutzhinweise am Ende des Formulars zur Kenntnis.<\/p>\t\t\t\t\t\t\t\t<\/div>\n\t\t\t\t<\/div>\n\t\t\t\t<div class=\"elementor-element elementor-element-062cfcd elementor-widget elementor-widget-spacer\" data-id=\"062cfcd\" data-element_type=\"widget\" data-e-type=\"widget\" data-widget_type=\"spacer.default\">\n\t\t\t\t<div class=\"elementor-widget-container\">\n\t\t\t\t\t\t\t<div class=\"elementor-spacer\">\n\t\t\t<div class=\"elementor-spacer-inner\"><\/div>\n\t\t<\/div>\n\t\t\t\t\t\t<\/div>\n\t\t\t\t<\/div>\n\t\t\t\t<div class=\"elementor-element elementor-element-96f9cbd elementor-widget elementor-widget-wp-widget-wpforms-widget\" data-id=\"96f9cbd\" data-element_type=\"widget\" data-e-type=\"widget\" data-widget_type=\"wp-widget-wpforms-widget.default\">\n\t\t\t\t<div class=\"elementor-widget-container\">\n\t\t\t\t\t<div class=\"wpforms-container wpforms-container-full\" id=\"wpforms-772\"><form id=\"wpforms-form-772\" class=\"wpforms-validate wpforms-form\" data-formid=\"772\" method=\"post\" enctype=\"multipart\/form-data\" action=\"\/hyundai\/wp-json\/wp\/v2\/pages\/67\" data-token=\"27438d202ea2e8c08fff9f79b05cb886\" data-token-time=\"1776500291\"><noscript class=\"wpforms-error-noscript\">Bitte aktiviere JavaScript in deinem Browser, um dieses Formular fertigzustellen.<\/noscript><div class=\"wpforms-field-container\"><div id=\"wpforms-772-field_4-container\" class=\"wpforms-field wpforms-field-radio wpforms-list-inline\" data-field-id=\"4\"><label class=\"wpforms-field-label\">Anrede<\/label><ul id=\"wpforms-772-field_4\"><li class=\"choice-1 depth-1 wpforms-selected\"><input type=\"radio\" id=\"wpforms-772-field_4_1\" name=\"wpforms[fields][4]\" value=\"keine\"   checked='checked'><label class=\"wpforms-field-label-inline\" for=\"wpforms-772-field_4_1\">keine<\/label><\/li><li class=\"choice-2 depth-1\"><input type=\"radio\" id=\"wpforms-772-field_4_2\" name=\"wpforms[fields][4]\" value=\"Frau\"  ><label class=\"wpforms-field-label-inline\" for=\"wpforms-772-field_4_2\">Frau<\/label><\/li><li class=\"choice-3 depth-1\"><input type=\"radio\" id=\"wpforms-772-field_4_3\" name=\"wpforms[fields][4]\" value=\"Herr\"  ><label class=\"wpforms-field-label-inline\" for=\"wpforms-772-field_4_3\">Herr<\/label><\/li><li class=\"choice-4 depth-1\"><input type=\"radio\" id=\"wpforms-772-field_4_4\" name=\"wpforms[fields][4]\" value=\"andere\"  ><label class=\"wpforms-field-label-inline\" for=\"wpforms-772-field_4_4\">andere<\/label><\/li><\/ul><\/div><div id=\"wpforms-772-field_6-container\" class=\"wpforms-field wpforms-field-text wpforms-one-fourth wpforms-first\" data-field-id=\"6\"><label class=\"wpforms-field-label\" for=\"wpforms-772-field_6\">Vorname<\/label><input type=\"text\" id=\"wpforms-772-field_6\" class=\"wpforms-field-large\" name=\"wpforms[fields][6]\" placeholder=\"Vorname\" ><\/div><div id=\"wpforms-772-field_13-container\" class=\"wpforms-field wpforms-field-text wpforms-one-fourth\" data-field-id=\"13\"><label class=\"wpforms-field-label\" for=\"wpforms-772-field_13\">Nachname<\/label><input type=\"text\" id=\"wpforms-772-field_13\" class=\"wpforms-field-large\" name=\"wpforms[fields][13]\" placeholder=\"Nachname\" ><\/div><div id=\"wpforms-772-field_3-container\" class=\"wpforms-field wpforms-field-email wpforms-one-fourth\" data-field-id=\"3\"><label class=\"wpforms-field-label\" for=\"wpforms-772-field_3\">E-Mail <span class=\"wpforms-required-label\">*<\/span><\/label><input type=\"email\" id=\"wpforms-772-field_3\" class=\"wpforms-field-large wpforms-field-required\" name=\"wpforms[fields][3]\" placeholder=\"E-Mail\" spellcheck=\"false\" required><\/div><div id=\"wpforms-772-field_14-container\" class=\"wpforms-field wpforms-field-text wpforms-one-fourth\" data-field-id=\"14\"><label class=\"wpforms-field-label\" for=\"wpforms-772-field_14\">Telefonnr.<\/label><input type=\"text\" id=\"wpforms-772-field_14\" class=\"wpforms-field-large\" name=\"wpforms[fields][14]\" placeholder=\"F\u00fcr R\u00fcckfragen\" ><\/div><div id=\"wpforms-772-field_1-container\" class=\"wpforms-field wpforms-field-text wpforms-one-fourth wpforms-first\" data-field-id=\"1\"><label class=\"wpforms-field-label\" for=\"wpforms-772-field_1\">Wunschfahrzeug<\/label><input type=\"text\" id=\"wpforms-772-field_1\" class=\"wpforms-field-large\" name=\"wpforms[fields][1]\" placeholder=\"Wunschfahrzeug\" ><\/div><div id=\"wpforms-772-field_15-container\" class=\"wpforms-field wpforms-field-text wpforms-one-fourth\" data-field-id=\"15\"><label class=\"wpforms-field-label\" for=\"wpforms-772-field_15\">Wunschkonfiguration<\/label><input type=\"text\" id=\"wpforms-772-field_15\" class=\"wpforms-field-large\" name=\"wpforms[fields][15]\" placeholder=\"Wunschkonfiguration\" ><\/div><div id=\"wpforms-772-field_9-container\" class=\"wpforms-field wpforms-field-text wpforms-one-fourth\" data-field-id=\"9\"><label class=\"wpforms-field-label\" for=\"wpforms-772-field_9\">Wunschdatum<\/label><input type=\"text\" id=\"wpforms-772-field_9\" class=\"wpforms-field-large\" name=\"wpforms[fields][9]\" placeholder=\"TT.MM.JJJJ\" ><\/div><div id=\"wpforms-772-field_10-container\" class=\"wpforms-field wpforms-field-text wpforms-one-fourth\" data-field-id=\"10\"><label class=\"wpforms-field-label\" for=\"wpforms-772-field_10\">Wunschzeit<\/label><input type=\"text\" id=\"wpforms-772-field_10\" class=\"wpforms-field-large\" name=\"wpforms[fields][10]\" placeholder=\"Uhrzeit\" ><\/div><div id=\"wpforms-772-field_5-container\" class=\"wpforms-field wpforms-field-textarea\" data-field-id=\"5\"><label class=\"wpforms-field-label\" for=\"wpforms-772-field_5\">Anmerkungen<\/label><textarea id=\"wpforms-772-field_5\" class=\"wpforms-field-medium\" name=\"wpforms[fields][5]\" placeholder=\"Platz f\u00fcr Anmerkungen\" ><\/textarea><\/div><div id=\"wpforms-772-field_16-container\" class=\"wpforms-field wpforms-field-checkbox wpforms-list-inline\" data-field-id=\"16\"><label class=\"wpforms-field-label\">Datenschutz <span class=\"wpforms-required-label\">*<\/span><\/label><ul id=\"wpforms-772-field_16\" class=\"wpforms-field-required\"><li class=\"choice-1 depth-1\"><input type=\"checkbox\" id=\"wpforms-772-field_16_1\" name=\"wpforms[fields][16][]\" value=\"Ich habe die &lt;a href=&quot;https:\/\/www.abeln-auto.de\/hyundai\/datenschutz&quot; target=&quot;_blank&quot; title=&quot;Neues Fenster&quot;&gt;Datenschutzerkl\u00e4rung&lt;\/a&gt; zur Kenntnis genommen.\" required ><label class=\"wpforms-field-label-inline\" for=\"wpforms-772-field_16_1\">Ich habe die <a href=\"https:\/\/www.abeln-auto.de\/hyundai\/datenschutz\" target=\"_blank\" title=\"Neues Fenster\">Datenschutzerkl\u00e4rung<\/a> zur Kenntnis genommen.<\/label><\/li><\/ul><\/div><\/div><!-- .wpforms-field-container --><div class=\"wpforms-field wpforms-field-hp\"><label for=\"wpforms-772-field-hp\" class=\"wpforms-field-label\">Comment<\/label><input type=\"text\" name=\"wpforms[hp]\" id=\"wpforms-772-field-hp\" class=\"wpforms-field-medium\"><\/div><div class=\"wpforms-submit-container\" ><input type=\"hidden\" name=\"wpforms[id]\" value=\"772\"><input type=\"hidden\" name=\"page_title\" value=\"\"><input type=\"hidden\" name=\"page_url\" value=\"https:\/\/www.abeln-auto.de\/hyundai\/wp-json\/wp\/v2\/pages\/67\"><input type=\"hidden\" name=\"url_referer\" value=\"\"><button type=\"submit\" name=\"wpforms[submit]\" id=\"wpforms-submit-772\" class=\"wpforms-submit\" data-alt-text=\"Senden...\" data-submit-text=\"Absenden\" aria-live=\"assertive\" value=\"wpforms-submit\">Absenden<\/button><\/div><\/form><\/div>  <!-- .wpforms-container -->\t\t\t\t<\/div>\n\t\t\t\t<\/div>\n\t\t\t\t\t<\/div>\n\t\t<\/div>\n\t\t\t\t\t<\/div>\n\t\t<\/section>\n\t\t\t\t<section class=\"elementor-section elementor-top-section elementor-element elementor-element-7ba6fda elementor-section-boxed elementor-section-height-default elementor-section-height-default\" data-id=\"7ba6fda\" data-element_type=\"section\" data-e-type=\"section\">\n\t\t\t\t\t\t<div class=\"elementor-container elementor-column-gap-default\">\n\t\t\t\t\t<div class=\"elementor-column elementor-col-100 elementor-top-column elementor-element elementor-element-8fe3bb8\" data-id=\"8fe3bb8\" data-element_type=\"column\" data-e-type=\"column\">\n\t\t\t<div class=\"elementor-widget-wrap elementor-element-populated\">\n\t\t\t\t\t\t<div class=\"elementor-element elementor-element-9f3c10d elementor-widget elementor-widget-spacer\" data-id=\"9f3c10d\" data-element_type=\"widget\" data-e-type=\"widget\" data-widget_type=\"spacer.default\">\n\t\t\t\t<div class=\"elementor-widget-container\">\n\t\t\t\t\t\t\t<div class=\"elementor-spacer\">\n\t\t\t<div class=\"elementor-spacer-inner\"><\/div>\n\t\t<\/div>\n\t\t\t\t\t\t<\/div>\n\t\t\t\t<\/div>\n\t\t\t\t\t<\/div>\n\t\t<\/div>\n\t\t\t\t\t<\/div>\n\t\t<\/section>\n\t\t\t\t<\/div>\n\t\t","protected":false},"excerpt":{"rendered":"<p>Jetzt probefahren : Probefahrt vereinbaren! Sie interessieren sich f\u00fcr einen neuen oder gebrauchten Hyundai? Dann nehmen Sie Kontakt zu Ihrem Hyundai in auf. Nichts \u00fcberzeugt vor einem anstehenden Autokauf mehr als das individuelle, ganz besondere Fahrgef\u00fchl des neuen Autos selbst ausprobiert zu haben. Vereinbaren Sie kurzfristig eine Probefahrt mit dem Hyundai Modell Ihrer Wahl, um [&hellip;]<\/p>\n","protected":false},"author":1,"featured_media":0,"parent":74,"menu_order":1,"comment_status":"closed","ping_status":"closed","template":"elementor_header_footer","meta":{"_acf_changed":false,"footnotes":""},"class_list":["post-67","page","type-page","status-publish","hentry"],"acf":[],"yoast_head":"<!-- This site is optimized with the Yoast SEO plugin v27.4 - https:\/\/yoast.com\/product\/yoast-seo-wordpress\/ -->\n<title>Probefahrt vereinbaren &#8212; Hyundai Abeln<\/title>\n<meta name=\"robots\" content=\"index, follow, max-snippet:-1, max-image-preview:large, max-video-preview:-1\" \/>\n<link rel=\"canonical\" href=\"https:\/\/www.abeln-auto.de\/hyundai\/nachricht-schreiben\/probefahrt\/\" \/>\n<meta property=\"og:locale\" content=\"de_DE\" \/>\n<meta property=\"og:type\" content=\"article\" \/>\n<meta property=\"og:title\" content=\"Probefahrt vereinbaren &#8212; Hyundai Abeln\" \/>\n<meta property=\"og:description\" content=\"Jetzt probefahren : Probefahrt vereinbaren! Sie interessieren sich f\u00fcr einen neuen oder gebrauchten Hyundai? Dann nehmen Sie Kontakt zu Ihrem Hyundai in auf. Nichts \u00fcberzeugt vor einem anstehenden Autokauf mehr als das individuelle, ganz besondere Fahrgef\u00fchl des neuen Autos selbst ausprobiert zu haben. Vereinbaren Sie kurzfristig eine Probefahrt mit dem Hyundai Modell Ihrer Wahl, um [&hellip;]\" \/>\n<meta property=\"og:url\" content=\"https:\/\/www.abeln-auto.de\/hyundai\/nachricht-schreiben\/probefahrt\/\" \/>\n<meta property=\"og:site_name\" content=\"Hyundai Abeln\" \/>\n<meta property=\"article:publisher\" content=\"https:\/\/www.facebook.com\/pages\/category\/Car-Dealership\/Autohaus-Abeln-Papenburg-418273738682087\/\" \/>\n<meta property=\"article:modified_time\" content=\"2023-09-18T08:36:33+00:00\" \/>\n<meta name=\"twitter:card\" content=\"summary_large_image\" \/>\n<meta name=\"twitter:label1\" content=\"Gesch\u00e4tzte Lesezeit\" \/>\n\t<meta name=\"twitter:data1\" content=\"4\u00a0Minuten\" \/>\n<script type=\"application\/ld+json\" class=\"yoast-schema-graph\">{\"@context\":\"https:\\\/\\\/schema.org\",\"@graph\":[{\"@type\":\"WebPage\",\"@id\":\"https:\\\/\\\/www.abeln-auto.de\\\/hyundai\\\/nachricht-schreiben\\\/probefahrt\\\/\",\"url\":\"https:\\\/\\\/www.abeln-auto.de\\\/hyundai\\\/nachricht-schreiben\\\/probefahrt\\\/\",\"name\":\"Probefahrt vereinbaren &#8212; Hyundai Abeln\",\"isPartOf\":{\"@id\":\"https:\\\/\\\/www.abeln-auto.de\\\/hyundai\\\/#website\"},\"datePublished\":\"2019-01-14T13:58:59+00:00\",\"dateModified\":\"2023-09-18T08:36:33+00:00\",\"breadcrumb\":{\"@id\":\"https:\\\/\\\/www.abeln-auto.de\\\/hyundai\\\/nachricht-schreiben\\\/probefahrt\\\/#breadcrumb\"},\"inLanguage\":\"de\",\"potentialAction\":[{\"@type\":\"ReadAction\",\"target\":[\"https:\\\/\\\/www.abeln-auto.de\\\/hyundai\\\/nachricht-schreiben\\\/probefahrt\\\/\"]}]},{\"@type\":\"BreadcrumbList\",\"@id\":\"https:\\\/\\\/www.abeln-auto.de\\\/hyundai\\\/nachricht-schreiben\\\/probefahrt\\\/#breadcrumb\",\"itemListElement\":[{\"@type\":\"ListItem\",\"position\":1,\"name\":\"Startseite\",\"item\":\"https:\\\/\\\/www.abeln-auto.de\\\/hyundai\\\/\"},{\"@type\":\"ListItem\",\"position\":2,\"name\":\"Nachricht schreiben\",\"item\":\"https:\\\/\\\/www.abeln-auto.de\\\/hyundai\\\/nachricht-schreiben\\\/\"},{\"@type\":\"ListItem\",\"position\":3,\"name\":\"Probefahrt vereinbaren\"}]},{\"@type\":\"WebSite\",\"@id\":\"https:\\\/\\\/www.abeln-auto.de\\\/hyundai\\\/#website\",\"url\":\"https:\\\/\\\/www.abeln-auto.de\\\/hyundai\\\/\",\"name\":\"Hyundai Autohaus Abeln GmbH\",\"description\":\"Das Hyundai Autohaus in Papenburg\",\"publisher\":{\"@id\":\"https:\\\/\\\/www.abeln-auto.de\\\/hyundai\\\/#organization\"},\"alternateName\":\"Hyundai Abeln\",\"potentialAction\":[{\"@type\":\"SearchAction\",\"target\":{\"@type\":\"EntryPoint\",\"urlTemplate\":\"https:\\\/\\\/www.abeln-auto.de\\\/hyundai\\\/?s={search_term_string}\"},\"query-input\":{\"@type\":\"PropertyValueSpecification\",\"valueRequired\":true,\"valueName\":\"search_term_string\"}}],\"inLanguage\":\"de\"},{\"@type\":\"Organization\",\"@id\":\"https:\\\/\\\/www.abeln-auto.de\\\/hyundai\\\/#organization\",\"name\":\"Hyundai Autohaus Abeln GmbH\",\"url\":\"https:\\\/\\\/www.abeln-auto.de\\\/hyundai\\\/\",\"logo\":{\"@type\":\"ImageObject\",\"inLanguage\":\"de\",\"@id\":\"https:\\\/\\\/www.abeln-auto.de\\\/hyundai\\\/#\\\/schema\\\/logo\\\/image\\\/\",\"url\":\"\",\"contentUrl\":\"\",\"caption\":\"Hyundai Autohaus Abeln GmbH\"},\"image\":{\"@id\":\"https:\\\/\\\/www.abeln-auto.de\\\/hyundai\\\/#\\\/schema\\\/logo\\\/image\\\/\"},\"sameAs\":[\"https:\\\/\\\/www.facebook.com\\\/pages\\\/category\\\/Car-Dealership\\\/Autohaus-Abeln-Papenburg-418273738682087\\\/\"]}]}<\/script>\n<!-- \/ Yoast SEO plugin. -->","yoast_head_json":{"title":"Probefahrt vereinbaren &#8212; Hyundai Abeln","robots":{"index":"index","follow":"follow","max-snippet":"max-snippet:-1","max-image-preview":"max-image-preview:large","max-video-preview":"max-video-preview:-1"},"canonical":"https:\/\/www.abeln-auto.de\/hyundai\/nachricht-schreiben\/probefahrt\/","og_locale":"de_DE","og_type":"article","og_title":"Probefahrt vereinbaren &#8212; Hyundai Abeln","og_description":"Jetzt probefahren : Probefahrt vereinbaren! Sie interessieren sich f\u00fcr einen neuen oder gebrauchten Hyundai? Dann nehmen Sie Kontakt zu Ihrem Hyundai in auf. Nichts \u00fcberzeugt vor einem anstehenden Autokauf mehr als das individuelle, ganz besondere Fahrgef\u00fchl des neuen Autos selbst ausprobiert zu haben. Vereinbaren Sie kurzfristig eine Probefahrt mit dem Hyundai Modell Ihrer Wahl, um [&hellip;]","og_url":"https:\/\/www.abeln-auto.de\/hyundai\/nachricht-schreiben\/probefahrt\/","og_site_name":"Hyundai Abeln","article_publisher":"https:\/\/www.facebook.com\/pages\/category\/Car-Dealership\/Autohaus-Abeln-Papenburg-418273738682087\/","article_modified_time":"2023-09-18T08:36:33+00:00","twitter_card":"summary_large_image","twitter_misc":{"Gesch\u00e4tzte Lesezeit":"4\u00a0Minuten"},"schema":{"@context":"https:\/\/schema.org","@graph":[{"@type":"WebPage","@id":"https:\/\/www.abeln-auto.de\/hyundai\/nachricht-schreiben\/probefahrt\/","url":"https:\/\/www.abeln-auto.de\/hyundai\/nachricht-schreiben\/probefahrt\/","name":"Probefahrt vereinbaren &#8212; Hyundai Abeln","isPartOf":{"@id":"https:\/\/www.abeln-auto.de\/hyundai\/#website"},"datePublished":"2019-01-14T13:58:59+00:00","dateModified":"2023-09-18T08:36:33+00:00","breadcrumb":{"@id":"https:\/\/www.abeln-auto.de\/hyundai\/nachricht-schreiben\/probefahrt\/#breadcrumb"},"inLanguage":"de","potentialAction":[{"@type":"ReadAction","target":["https:\/\/www.abeln-auto.de\/hyundai\/nachricht-schreiben\/probefahrt\/"]}]},{"@type":"BreadcrumbList","@id":"https:\/\/www.abeln-auto.de\/hyundai\/nachricht-schreiben\/probefahrt\/#breadcrumb","itemListElement":[{"@type":"ListItem","position":1,"name":"Startseite","item":"https:\/\/www.abeln-auto.de\/hyundai\/"},{"@type":"ListItem","position":2,"name":"Nachricht schreiben","item":"https:\/\/www.abeln-auto.de\/hyundai\/nachricht-schreiben\/"},{"@type":"ListItem","position":3,"name":"Probefahrt vereinbaren"}]},{"@type":"WebSite","@id":"https:\/\/www.abeln-auto.de\/hyundai\/#website","url":"https:\/\/www.abeln-auto.de\/hyundai\/","name":"Hyundai Autohaus Abeln GmbH","description":"Das Hyundai Autohaus in Papenburg","publisher":{"@id":"https:\/\/www.abeln-auto.de\/hyundai\/#organization"},"alternateName":"Hyundai Abeln","potentialAction":[{"@type":"SearchAction","target":{"@type":"EntryPoint","urlTemplate":"https:\/\/www.abeln-auto.de\/hyundai\/?s={search_term_string}"},"query-input":{"@type":"PropertyValueSpecification","valueRequired":true,"valueName":"search_term_string"}}],"inLanguage":"de"},{"@type":"Organization","@id":"https:\/\/www.abeln-auto.de\/hyundai\/#organization","name":"Hyundai Autohaus Abeln GmbH","url":"https:\/\/www.abeln-auto.de\/hyundai\/","logo":{"@type":"ImageObject","inLanguage":"de","@id":"https:\/\/www.abeln-auto.de\/hyundai\/#\/schema\/logo\/image\/","url":"","contentUrl":"","caption":"Hyundai Autohaus Abeln GmbH"},"image":{"@id":"https:\/\/www.abeln-auto.de\/hyundai\/#\/schema\/logo\/image\/"},"sameAs":["https:\/\/www.facebook.com\/pages\/category\/Car-Dealership\/Autohaus-Abeln-Papenburg-418273738682087\/"]}]}},"_links":{"self":[{"href":"https:\/\/www.abeln-auto.de\/hyundai\/wp-json\/wp\/v2\/pages\/67","targetHints":{"allow":["GET"]}}],"collection":[{"href":"https:\/\/www.abeln-auto.de\/hyundai\/wp-json\/wp\/v2\/pages"}],"about":[{"href":"https:\/\/www.abeln-auto.de\/hyundai\/wp-json\/wp\/v2\/types\/page"}],"author":[{"embeddable":true,"href":"https:\/\/www.abeln-auto.de\/hyundai\/wp-json\/wp\/v2\/users\/1"}],"replies":[{"embeddable":true,"href":"https:\/\/www.abeln-auto.de\/hyundai\/wp-json\/wp\/v2\/comments?post=67"}],"version-history":[{"count":10,"href":"https:\/\/www.abeln-auto.de\/hyundai\/wp-json\/wp\/v2\/pages\/67\/revisions"}],"predecessor-version":[{"id":2337,"href":"https:\/\/www.abeln-auto.de\/hyundai\/wp-json\/wp\/v2\/pages\/67\/revisions\/2337"}],"up":[{"embeddable":true,"href":"https:\/\/www.abeln-auto.de\/hyundai\/wp-json\/wp\/v2\/pages\/74"}],"wp:attachment":[{"href":"https:\/\/www.abeln-auto.de\/hyundai\/wp-json\/wp\/v2\/media?parent=67"}],"curies":[{"name":"wp","href":"https:\/\/api.w.org\/{rel}","templated":true}]}}